64999 is divided by 83538.
17
Calculate the remainder when 21997 is divided by 4131.
1342
Calculate the remainder when 14645 is divided by 1521.
956
Calculate the remainder when 10645701 is divided by 163.
8
Calculate the remainder when 768216 is divided by 4862.
20
Calculate the remainder when 587527 is divided by 3193.
15
Calculate the remainder when 82447892 is divided by 9.
8
What is the remainder when 86224605 is divided by 31?
27
Calculate the remainder when 89228495 is divided by 26.
5
What is the remainder when 47889115 is divided by 175?
15
Calculate the remainder when 18548654 is divided by 183650.
4
Calculate the remainder when 1285397 is divided by 38951.
14
Calculate the remainder when 175677246 is divided by 11.
8
Calculate the remainder when 144032 is divided by 142.
44
What is the remainder when 156724 is divided by 1329?
1231
What is the remainder when 94010234 is divided by 8269?
8242
Calculate the remainder when 890661 is divided by 1507.
24
What is the remainder when 188631 is divided by 2244?
135
Calculate the remainder when 9887422 is divided by 192.
190
Calculate the remainder when 8658708 is divided by 247391.
23
Calculate the remainder when 149371 is divided by 349.
348
Calculate the remainder when 101337 is divided by 986.
765
Calculate the remainder when 4680418 is divided by 20.
18
What is the remainder when 327086 is divided by 12486?
2450
Calculate the remainder when 127847 is divided by 31394.
2271
Calculate the remainder when 1725344 is divided by 431299.
148
Calculate the remainder when 1550899 is divided by 1616.
1155
Calculate the remainder when 2758047 is divided by 1475.
1272
Calculate the remainder when 109473 is divided by 11896.
2409
What is the remainder when 17823794 is divided by 503?
492
Calculate the remainder when 1963060 is divided by 392450.
810
What is the remainder when 259253 is divided by 10?
3
Calculate the remainder when 1089604 is divided by 489.
112
Calculate the remainder when 22505 is divided by 2218.
325
What is the remainder when 348725 is divided by 945?
20
Calculate the remainder when 180603 is divided by 56.
3
What is the remainder when 96606304 is divided by 2991?
2986
What is the remainder when 93161 is divided by 22551?
2957
What is the remainder when 49696 is divided by 5539?
5384
Calculate the remainder when 597371 is divided by 29868.
11
What is the remainder when 319451 is divided by 338?
41
Calculate the remainder when 450518 is divided by 598.
224
What is the remainder when 1137744 is divided by 379240?
24
What is the remainder when 846178 is divided by 981?
556
What is the remainder when 3716829 is divided by 81?
63
Calculate the remainder when 43784 is divided by 135.
44
Calculate the remainder when 4505705 is divided by 1501893.
26
What is the remainder when 159192 is divided by 31799?
197
Calculate the remainder when 533248 is divided by 1444.
412
What is the remainder when 583767 is divided by 116728?
127
Calculate the remainder when 952878 is divided by 4199.
3904
Calculate the remainder when 18770401 is divided by 989.
170
Calculate the remainder when 15681538 is divided by 156.
106
What is the remainder when 1264472 is divided by 79024?
88
What is the remainder when 11028021 is divided by 593?
0
What is the remainder when 670638 is divided by 223395?
453
What is the remainder when 10905 is divided by 10210?
695
Calculate the remainder when 14186691 is divided by 87.
36
What is the remainder when 14126 is divided by 2303?
308
What is the remainder when 37859 is divided by 18571?
717
Calculate the remainder when 92383 is divided by 9140.
983
Calculate the remainder when 426954 is divided by 417.
363
What is the remainder when 3934914 is divided by 937?
451
What is the remainder when 179698 is divided by 1191?
1048
What is the remainder when 11795510 is divided by 4468?
4458
What is the remainder when 10179369 is divided by 118364?
65
What is the remainder when 1118716 is divided by 1118590?
126
What is the remainder when 4389427 is divided by 274?
221
Calculate the remainder when 11928988 is divided by 273.
253
What is the remainder when 1108903 is divided by 1279?
10
Calculate the remainder when 78688 is divided by 3330.
2098
Calculate the remainder when 19091587 is divided by 346.
345
Calculate the remainder when 3055509 is divided by 2570.
2349
Calculate the remainder when 32884911 is divided by 10961634.
9
Calculate the remainder when 16458997 is divided by 40.
37
Calculate the remainder when 2901395 is divided by 1145.
1110
What is the remainder when 2001469174 is divided by 10269?
10267
What is the remainder when 13091597 is divided by 78?
77
What is the remainder when 793361 is divided by 6056?
25
What is the remainder when 18741706 is divided by 583?
5
Calculate the remainder when 111889 is divided by 27874.
393
What is the remainder when 1767118 is divided by 126199?
332
What is the remainder when 3014225 is divided by 2868?
2825
What is the remainder when 118257 is divided by 23589?
312
What is the remainder when 140757 is divided by 694?
569
Calculate the remainder when 141411 is divided by 41527.
16830
Calculate the remainder when 8338136 is divided by 2084531.
12
What is the remainder when 5345350 is divided by 205?
180
Calculate the remainder when 27838 is divided by 12911.
2016
What is the remainder when 13161584 is divided by 144?
128
What is the remainder when 26539038 is divided by 43?
40
Calculate the remainder when 1048906 is divided by 174677.
844
What is the remainder when 56446 is divided by 2168?
78
Calculate the remainder when 167382 is divided by 2531.
336
Calculate the remainder when 12910329 is divided by 688.
9
Calculate the remainder when 37699387 is divided by 41.
10
Calculate the remainder when 279190 is divided by 34689.
1678
What is the remainder when 7603831 is divided by 2622?
31
What is the remainder when 144035 is divided by 3284?
2823
Calculate the remainder when 94669 is divided by 5044.
3877
Calculate the remainder when 12341 is divided by 2243.
1126
Calculate the remainder when 436554 is divided by 72754.
30
What is the remainder when 906854 is divided by 536?
478
Calculate the remainder when 2907005 is divided by 15300.
5
Calculate the remainder when 50348374 is divided by 21.
13
What is the remainder when 341492 is divided by 85341?
128
What is the remainder when 56566 is divided by 2260?
66
Calculate the remainder when 36864 is divided by 139.
29
Calculate the remainder when 8914 is divided by 89.
14
Calculate the remainder when 8469836 is divided by 92.
40
What is the remainder when 3061497 is divided by 628?
625
What is the remainder when 99302 is divided by 10936?
878
What is the remainder when 4154 is divided by 1961?
232
Calculate the remainder when 998664156 is divided by 6890.
6886
Calculate the remainder when 12291934 is divided by 43.
40
Calculate the remainder when 29877 is divided by 802.
203
Calculate the remainder when 1883891 is divided by 10130.
9841
Calculate the remainder when 145522 is divided by 15.
7
What is the remainder when 313561 is divided by 146?
99
Calculate the remainder when 353210 is divided by 58389.
2876
Calculate the remainder when 2079601 is divided by 121.
95
Calculate the remainder when 2735140 is divided by 2314.
2306
What is the remainder when 9233996 is divided by 4616994?
8
Calculate the remainder when 12715868 is divided by 839.
823
Calculate the remainder when 6192041 is divided by 68.
29
Calculate the remainder when 159857 is divided by 8192.
4209
Calculate the remainder when 607751 is divided by 86814.
53
Calculate the remainder when 691772 is divided by 1322.
366
What is the remainder when 10287436 is divided by 428643?
4
Calculate the remainder when 915258 is divided by 103.
0
Calculate the remainder when 2725155 is divided by 57982.
1
What is the remainder when 36808 is divided by 3737?
3175
Calculate the remainder when 167894 is divided by 11.
1
What is the remainder when 1470301 is divided by 10208?
349
Calculate the remainder when 195219 is divided by 304.
51
What is the remainder when 6393 is divided by 5087?
1306
What is the remainder when 433036 is divided by 432864?
172
What is the remainder when 34653 is divided by 33184?
1469
Calculate the remainder when 1930644 